
 {"id":9046,"date":"2023-02-17T17:34:38","date_gmt":"2023-02-17T16:34:38","guid":{"rendered":"https:\/\/sacoarreda.com\/?post_type=product&#038;p=9046"},"modified":"2023-02-17T17:49:26","modified_gmt":"2023-02-17T16:49:26","slug":"interno-per-cuscino-arredo","status":"publish","type":"product","link":"https:\/\/sacoarreda.com\/?product=interno-per-cuscino-arredo","title":{"rendered":"Interno per cuscino Arredo"},"content":{"rendered":"<p>Composizione:100% Fibre Siliconata<br \/>\nLa propriet\u00e0 principale della fibra cava siliconata \u00e8 la resilienza , cio\u00e8  la capacit\u00e0 di ritornare alla forma originale anche dopo forte sollecitazione e pressione, mantenendo quindi nel tempo la sofficit\u00e0 ed elasticit\u00e0.<br \/>\nIsola dal caldo e dal freddo, poich\u00e8 la fibra cava ha un elevato potere di coibentazione termica.<br \/>\nMADE IN ITALY<\/p>\n","protected":false},"excerpt":{"rendered":"<p>Composizione:100% Fibre Siliconata<br \/>\nLa propriet\u00e0 principale della fibra cava siliconata \u00e8 la resilienza , cio\u00e8  la capacit\u00e0 di ritornare alla forma originale anche dopo forte sollecitazione e pressione, mantenendo quindi nel tempo la sofficit\u00e0 ed elasticit\u00e0.<br \/>\nIsola dal caldo e dal freddo, poich\u00e8 la fibra cava ha un elevato potere di coibentazione termica.<br \/>\nMADE IN ITALY<\/p>\n","protected":false},"featured_media":9048,"comment_status":"open","ping_status":"closed","template":"","meta":[],"product_cat":[668,694],"product_tag":[132,70,813],"jetpack_sharing_enabled":true,"_links":{"self":[{"href":"https:\/\/sacoarreda.com\/index.php?rest_route=\/wp\/v2\/product\/9046"}],"collection":[{"href":"https:\/\/sacoarreda.com\/index.php?rest_route=\/wp\/v2\/product"}],"about":[{"href":"https:\/\/sacoarreda.com\/index.php?rest_route=\/wp\/v2\/types\/product"}],"replies":[{"embeddable":true,"href":"https:\/\/sacoarreda.com\/index.php?rest_route=%2Fwp%2Fv2%2Fcomments&post=9046"}],"wp:featuredmedia":[{"embeddable":true,"href":"https:\/\/sacoarreda.com\/index.php?rest_route=\/wp\/v2\/media\/9048"}],"wp:attachment":[{"href":"https:\/\/sacoarreda.com\/index.php?rest_route=%2Fwp%2Fv2%2Fmedia&parent=9046"}],"wp:term":[{"taxonomy":"product_cat","embeddable":true,"href":"https:\/\/sacoarreda.com\/index.php?rest_route=%2Fwp%2Fv2%2Fproduct_cat&post=9046"},{"taxonomy":"product_tag","embeddable":true,"href":"https:\/\/sacoarreda.com\/index.php?rest_route=%2Fwp%2Fv2%2Fproduct_tag&post=9046"}],"curies":[{"name":"wp","href":"https:\/\/api.w.org\/{rel}","templated":true}]}}