
 {"id":5577,"date":"2021-09-29T09:59:13","date_gmt":"2021-09-29T07:59:13","guid":{"rendered":"https:\/\/sacoarreda.com\/?post_type=product&#038;p=5577"},"modified":"2026-03-10T10:38:24","modified_gmt":"2026-03-10T09:38:24","slug":"piumino-in-piuma-qualita-d400-cold-winter-250x200-matrimoniale","status":"publish","type":"product","link":"https:\/\/sacoarreda.com\/?product=piumino-in-piuma-qualita-d400-cold-winter-250x200-matrimoniale","title":{"rendered":"Piumino in piuma Qualit\u00e0 D400 Classic Winter 250&#215;200 matrimoniale"},"content":{"rendered":"<p>Piumino in piuma Qualit\u00e0 D400 Classic Winter<br \/>\nIl piumone letto rivestito in 100% cotone &#8220;&#8221;Batista&#8221;&#8221; si distingue per la sua imbottitura di 100% piumino, che dona sofficit\u00e0 ed una sensazione di morbido avvolgimento, assicurando un riposo estremamente confortevole. Il rivestimento in cotone regala inoltre un sonno ottimale anche a chi soffre di allergia, essendo certificato anti-acaro. Tutte le misure, dal piumino letto singolo al piumino letto matrimoniale, sono caratterizzate da un elevato potere di riempimento che si traduce in elevato comfort: viene offerta un&#8217;esperienza di riposo rigenerante insieme ad una leggerezza estrema.<br \/>\nL&#8217;esperienza del sonno \u00e8 ulteriormente migliorata dalle ottime capacit\u00e0 isolanti, traspiranti e termoregolanti di questo piumone letto che si adatta a qualunque stagione. Tutto ci\u00f2 si traduce in un miglioramento complessivo della qualit\u00e0 della vita.  Una delle peculiarit\u00e0 offerta dai piumoni DaunenStep \u00e8 la trapuntatura a quadri fissi che mantiene il calore uguale su tutta la superficie del capo, mentre lo speciale bordo piatto con asole \u00e8 costruito per far s\u00ec che due piumini possano essere uniti insieme.<br \/>\nD400_cold_winter matrimoniale 250&#215;200<br \/>\nBatista Soft 100% cotone<br \/>\n100% piumino<br \/>\nOekotex 100 &amp; Nomite Antiacaro e Anallergico<br \/>\nLavabile in lavatrice a 40\u00b0C<\/p>\n","protected":false},"excerpt":{"rendered":"<p>Piumino in piuma Qualit\u00e0 D400 Classic Winter<br \/>\nIl piumone letto rivestito in 100% cotone &#8220;&#8221;Batista&#8221;&#8221; si distingue per la sua imbottitura di 100% piumino, che dona sofficit\u00e0 ed una sensazione di morbido avvolgimento, assicurando un riposo estremamente confortevole. Il rivestimento in cotone regala inoltre un sonno ottimale anche a chi soffre di allergia, essendo certificato anti-acaro. Tutte le misure, dal piumino letto singolo al piumino letto matrimoniale, sono caratterizzate da un elevato potere di riempimento che si traduce in elevato comfort: viene offerta un&#8217;esperienza di riposo rigenerante insieme ad una leggerezza estrema.<br \/>\nL&#8217;esperienza del sonno \u00e8 ulteriormente migliorata dalle ottime capacit\u00e0 isolanti, traspiranti e termoregolanti di questo piumone letto che si adatta a qualunque stagione. Tutto ci\u00f2 si traduce in un miglioramento complessivo della qualit\u00e0 della vita.  Una delle peculiarit\u00e0 offerta dai piumoni DaunenStep \u00e8 la trapuntatura a quadri fissi che mantiene il calore uguale su tutta la superficie del capo, mentre lo speciale bordo piatto con asole \u00e8 costruito per far s\u00ec che due piumini possano essere uniti insieme.<br \/>\nD400_cold_winter matrimoniale 250&#215;200<br \/>\nBatista Soft 100% cotone<br \/>\n100% piumino<br \/>\nOekotex 100 &amp; Nomite Antiacaro e Anallergico<br \/>\nLavabile in lavatrice a 40\u00b0C<\/p>\n","protected":false},"featured_media":5581,"comment_status":"open","ping_status":"closed","template":"","meta":[],"product_cat":[676,670,714],"product_tag":[522,521,183,163,168,514,277],"jetpack_sharing_enabled":true,"_links":{"self":[{"href":"https:\/\/sacoarreda.com\/index.php?rest_route=\/wp\/v2\/product\/5577"}],"collection":[{"href":"https:\/\/sacoarreda.com\/index.php?rest_route=\/wp\/v2\/product"}],"about":[{"href":"https:\/\/sacoarreda.com\/index.php?rest_route=\/wp\/v2\/types\/product"}],"replies":[{"embeddable":true,"href":"https:\/\/sacoarreda.com\/index.php?rest_route=%2Fwp%2Fv2%2Fcomments&post=5577"}],"wp:featuredmedia":[{"embeddable":true,"href":"https:\/\/sacoarreda.com\/index.php?rest_route=\/wp\/v2\/media\/5581"}],"wp:attachment":[{"href":"https:\/\/sacoarreda.com\/index.php?rest_route=%2Fwp%2Fv2%2Fmedia&parent=5577"}],"wp:term":[{"taxonomy":"product_cat","embeddable":true,"href":"https:\/\/sacoarreda.com\/index.php?rest_route=%2Fwp%2Fv2%2Fproduct_cat&post=5577"},{"taxonomy":"product_tag","embeddable":true,"href":"https:\/\/sacoarreda.com\/index.php?rest_route=%2Fwp%2Fv2%2Fproduct_tag&post=5577"}],"curies":[{"name":"wp","href":"https:\/\/api.w.org\/{rel}","templated":true}]}}